{"id":9,"date":"2009-08-11T16:18:32","date_gmt":"2009-08-11T14:18:32","guid":{"rendered":"https:\/\/www.mv-tribsees.de\/"},"modified":"2022-07-08T22:16:29","modified_gmt":"2022-07-08T20:16:29","slug":"herzlich-willkommen","status":"publish","type":"page","link":"https:\/\/www.mv-tribsees.de\/","title":{"rendered":"Herzlich Willkommen"},"content":{"rendered":"\n<figure class=\"wp-block-image size-full\"><img loading=\"lazy\" decoding=\"async\" width=\"643\" height=\"239\" src=\"https:\/\/www.mv-tribsees.de\/wp-content\/uploads\/2022\/07\/mv-top-image.jpg\" alt=\"Mercedes-Benz mit Wohnwagen\" class=\"wp-image-2148\" srcset=\"https:\/\/www.mv-tribsees.de\/wp-content\/uploads\/2022\/07\/mv-top-image.jpg 643w, https:\/\/www.mv-tribsees.de\/wp-content\/uploads\/2022\/07\/mv-top-image-300x112.jpg 300w\" sizes=\"auto, (max-width: 643px) 100vw, 643px\" \/><\/figure>\n\n\n\n<p>Hallo und Willkommen an alle Freunde der motorrisierten Touristik und an alle die es noch werden wollen!<\/p>\n\n\n\n<p>Auf den folgenden Seiten stellt sich der Motorsportverein Touristik e.V. Tribsees vor und w\u00fcnschen viel Spa\u00df beim St\u00f6bern auf unserer Website!<\/p>\n","protected":false},"excerpt":{"rendered":"<p>Hallo und Willkommen an alle Freunde der motorrisierten Touristik und an alle die es noch werden wollen! Auf den folgenden Seiten stellt sich der Motorsportverein Touristik e.V. Tribsees vor und w\u00fcnschen viel Spa\u00df beim St\u00f6bern auf unserer Website!<\/p>\n","protected":false},"author":2,"featured_media":0,"parent":0,"menu_order":0,"comment_status":"closed","ping_status":"closed","template":"","meta":{"footnotes":""},"class_list":["post-9","page","type-page","status-publish","hentry"],"_links":{"self":[{"href":"https:\/\/www.mv-tribsees.de\/index.php\/wp-json\/wp\/v2\/pages\/9","targetHints":{"allow":["GET"]}}],"collection":[{"href":"https:\/\/www.mv-tribsees.de\/index.php\/wp-json\/wp\/v2\/pages"}],"about":[{"href":"https:\/\/www.mv-tribsees.de\/index.php\/wp-json\/wp\/v2\/types\/page"}],"author":[{"embeddable":true,"href":"https:\/\/www.mv-tribsees.de\/index.php\/wp-json\/wp\/v2\/users\/2"}],"replies":[{"embeddable":true,"href":"https:\/\/www.mv-tribsees.de\/index.php\/wp-json\/wp\/v2\/comments?post=9"}],"version-history":[{"count":6,"href":"https:\/\/www.mv-tribsees.de\/index.php\/wp-json\/wp\/v2\/pages\/9\/revisions"}],"predecessor-version":[{"id":2151,"href":"https:\/\/www.mv-tribsees.de\/index.php\/wp-json\/wp\/v2\/pages\/9\/revisions\/2151"}],"wp:attachment":[{"href":"https:\/\/www.mv-tribsees.de\/index.php\/wp-json\/wp\/v2\/media?parent=9"}],"curies":[{"name":"wp","href":"https:\/\/api.w.org\/{rel}","templated":true}]}}